In base 10, what is 85 + 5425?
5510
In base 5, what is 32 - -2144004?
2144041
In base 9, what is -126 + -4008?
-4135
In base 3, what is -202 - -10102120?
10101211
In base 4, what is -311312 - -2102?
-303210
In base 6, what is -1 - -1040312?
1040311
In base 14, what is -80bb46 + 4?
-80bb42
In base 11, what is 3 - -4954?
4957
In base 2, what is 10010 + -10100111101?
-10100101011
In base 12, what is -42a6 - -5?
-42a1
In base 11, what is -1988 + 618?
-1370
In base 14, what is -8119 + c?
-810b
In base 15, what is 2 - -66465?
66467
In base 16, what is -20 - -2e0?
2c0
In base 13, what is 58 - 2bc8?
-2b70
In base 9, what is 1016 + 24?
1041
In base 5, what is -4 - -11030440?
11030431
In base 11, what is 999 - 1143?
-255
In base 7, what is -1442410 - 1?
-1442411
In base 13, what is 1 + -4577?
-4576
In base 15, what is 5 + 48039?
4803e
In base 11, what is -167a441 + -3?
-167a444
In base 6, what is -12000133 - -1?
-12000132
In base 10, what is 90 + 146?
236
In base 9, what is 83535 - -2?
83537
In base 2, what is 10111111100100000111 - -100?
10111111100100001011
In base 15, what is -5 - 71b?
-721
In base 16, what is -1f2 - 49f?
-691
In base 7, what is 3503 - -52?
3555
In base 15, what is ba9 - -54?
c0d
In base 15, what is -1 - a2070?
-a2071
In base 9, what is -110201 - 8?
-110210
In base 8, what is -1643 - -1644?
1
In base 12, what is -4b8438 - -3?
-4b8435
In base 3, what is 21 - -22001112?
22001210
In base 11, what is -a593 - -2?
-a591
In base 12, what is b + -421?
-412
In base 15, what is -763 + 5?
-75d
In base 15, what is 1a + -aea5?
-ae8a
In base 5, what is 10 + 10002344?
10002404
In base 10, what is -4 - -10628?
10624
In base 2, what is 111001000100110 - 1001100?
111000111011010
In base 5, what is 30223400 - 10?
30223340
In base 13, what is 692 + 3a?
6cc
In base 16, what is -5ed - 1c6?
-7b3
In base 15, what is 970 - 1?
96e
In base 3, what is -11212 - -111201?
22212
In base 5, what is -10 - 11320?
-11330
In base 9, what is -2367 - -67?
-2300
In base 4, what is 10231 + -23?
10202
In base 10, what is 5 - 16478?
-16473
In base 15, what is 162 + -178?
-16
In base 11, what is -294493 + 3?
-294490
In base 9, what is -60 - 642?
-712
In base 10, what is 218357 + -2?
218355
In base 4, what is -201230 - 2231?
-210121
In base 6, what is -403331 + -2?
-403333
In base 13, what is 2 - 6515?
-6513
In base 15, what is 1d5 + 245?
42a
In base 8, what is -66642 + 2?
-66640
In base 5, what is -210103 - -320?
-204233
In base 7, what is -165163 - 115?
-165311
In base 9, what is 55012 - 31?
54871
In base 5, what is 3 + -3220111?
-3220103
In base 4, what is -120023 - -23?
-120000
In base 7, what is 1313003 - 0?
1313003
In base 9, what is 23880 + -1?
23878
In base 6, what is -240324 - -51?
-240233
In base 14, what is -a3 - 11ad?
-1272
In base 15, what is 15da + -15?
15c5
In base 10, what is 60211 - 1?
60210
In base 14, what is 4c6d - 20?
4c4d
In base 11, what is 13 - -3590?
35a3
In base 6, what is -255405 - -13?
-255352
In base 3, what is 20122200 - -121?
20200021
In base 3, what is 10000122211 + 20?
10000200001
In base 7, what is -55346 + -152?
-55531
In base 16, what is a7a4f - -3?
a7a52
In base 12, what is 7504b + -1?
7504a
In base 5, what is 340 + 314?
1204
In base 9, what is -2 + -48162?
-48164
In base 9, what is 82610 + 1?
82611
In base 16, what is 50c7 + -5?
50c2
In base 11, what is 1837570 + -4?
1837567
In base 7, what is 3000 - -10?
3010
In base 12, what is -3a06 - -48?
-397a
In base 7, what is -126015 + -4?
-126022
In base 2, what is 110010 + -100110111010?
-100110001000
In base 7, what is -123 + 26260?
26134
In base 10, what is 193174 + -1?
193173
In base 4, what is 10 + 233312031?
233312101
In base 3, what is 11122 - -2002012020?
2002100212
In base 10, what is 27 + -1735?
-1708
In base 9, what is -44 + 2543?
2488
In base 2, what is -10011 - -110100111011?
110100101000
In base 6, what is 41400 - 435?
40521
In base 6, what is -20224422 - 0?
-20224422
In base 4, what is 10322 + -112012?
-101030
In base 3, what is -102 + -2001220?
-2002022
In base 5, what is -101 - 102?
-203
In base 12, what is -46 + -1690?
-1716
In base 16, what is -1 + 2c7b?
2c7a
In base 2, what is 11001110001100110 - 0?
11001110001100110
In base 7, what is -36 - 300263?
-300332
In base 2, what is -1101101100111011011 + 10?
-1101101100111011001
In base 9, what is 6072 + 0?
6072
In base 11, what is 2 - -aa97?
aa99
In base 2, what is -101100 + 1010111011?
1010001111
In base 5, what is -401 - -222?
-124
In base 12, what is -648 + -b5b?
-15a7
In base 5, what is -4 + 1022340?
1022331
In base 11, what is -3546 + -151?
-3697
In base 15, what is 737 - -a?
742
In base 13, what is -42412 + -6?
-42418
In base 16, what is d + -bd6?
-bc9
In base 5, what is 34440 - 11?
34424
In base 15, what is -de - -b9?
-25
In base 7, what is 55 - -60402?
60460
In base 13, what is -52 + 3a32?
39b0
In base 13, what is 38a - -b?
398
In base 10, what is -2219 - 18?
-2237
In base 3, what is -221112 - 1022?
-222211
In base 14, what is -d3 + -2c?
-121
In base 8, what is -1 - 201742?
-201743
In base 10, what is -4 - -37601?
37597
In base 14, what is 50 + -62?
-12
In base 7, what is -5 - -51405?
51400
In base 4, what is -20031 - 32122?
-112213
In base 14, what is 14 + -287c?
-2868
In base 11, what is -314802 - -5?
-3147a8
In base 9, what is -11 - 51357?
-51368
In base 15, what is 3c7a9 + 0?
3c7a9
In base 4, what is -2231100 - 20?
-2231120
In base 10, what is 4 - -58618?
58622
In base 4, what is -2010 - -1111?
-233
In base 4, what is -3 + -112320000?
-112320003
In base 11, what is -2 - -38441?
3843a
In base 14, what is 12b - 55?
b6
In base 15, what is -21d26 + 0?
-21d26
In base 11, what is 1231 + -17?
1215
In base 5, what is 0 + 14332?
14332
In base 8, what is -35 + 2645?
2610
In base 5, what is -14243321 + 1?
-14243320
In base 6, what is 533 + -1551?
-1014
In base 15, what is e + -b8?
-a9
In base 10, what is 105142 - 2?
105140
In base 4, what is 1311231211 + 2?
1311231213
In base 3, what is 10121210202 - 12?
10121210120
In base 12, what is -6962 + 26?
-6938
In base 3, what is 11 - 122022201?
-122022120
In base 13, what is 90a - -668?
1275
In base 15, what is -c8e + 7?
-c87
In base 4, what is -3323 + 1303?
-2020
In base 3, what is 21 + -112011111?
-112011020
In base 16, what is -6c1 - -7?
-6ba
In base 15, what is -3725 - 3?
-3728
In base 7, what is -21 - 6205?
-6226
In base 12, what is -923 + -a2a?
-1751
In base 14, what is 13a62 - 6?
13a5a
In base 5, what is 2440 + -103300?
-100310
In base 11, what is 6750 - 10?
6740
In base 13, what is 8 + 1145c?
11467
In base 13, what is -1532 + -78?
-15aa
In base 4, what is 2323 - -133030?
202013
In base 3, what is -100200012 + 11?
-100200001
In base 9, what is 1 + -27411?
-27410
In base 5, what is -13002401 - -1?
-13002400
In base 10, what is 16 - 2207?
-2191
In base 11, what is -13 + -2017?
-202a
In base 15, what is 24e94 - -2?
24e96
In base 15, what is -4 - 135d56?
-135d5a
In base 2, what is -100 - 10010101001000011111?
-10010101001000100011
In base 9, what is -4 + 15383?
15378
In base 8, what is -470 + 151?
-317
In base 2, what is -101001010000010111 + 11?
-101001010000010100
In base 2, what is -10000101 + 101010101011?
101000100110
In base 16, what is -404e + -b8?
-4106
In base 15, what is 6 + -11?
-a
In base 12, what is 622 + -165?
479
In base 4, what is 311300 + 3320?
321220
In base 13, what is 3a + -10c84?
-10c47
In base 4, what is 201030 + 131?
201221
In base 16, what is -8e25 + -4?
-8e29
In base 6, what is -31 + 130401?
130330
In base 16, what is 3 + -1c2f?
-1c2c
In base 8, what is 4 + -12462?
-12456
In base 11, what is 1 + 3883?
3884
In base 5, what is -2033223302 - -10?
-2033223242
In base 9, what is -4 + 68084?
68080
In base 7, what is 21 - -2452?
2503
In base 12, what is 941 + 13?
954
In base 13, what is -5 - 26543?
-26548
In base 6, what is 540 - 32454?
-31514
In base 13, what is 5 + -8c51?
-8c49
In base 16, what is -561e9 + -3?
-561ec
In base 12, what is -5 - -8666a?
86665
In base 9, what is -133 + -461?
-604
In base 9, what is -55 + 18727?
18662
In base 2, what is -1001011000101101 + 11001?
-1001011000010100
In base 16, what is 23eb - 5?
23e6
In base 10, what is -1 + -52641?
-52642
In base 3, what is -1 + -111022211?
-111022212
In base 13, what is -12080 - -3?
-1207a
In base 6, 